highest common factor of g and 14.
7
Let h = -21 + 13. Let s = 12 + h. Let l be s*3*38/24. Calculate the greatest common divisor of l and 152.
19
Let u = -7 - -37. Let j = 0 - -6. Let g = 4 + j. Calculate the highest common factor of u and g.
10
Let l = -639 - -774. What is the highest common factor of l and 243?
27
Suppose 0 = 6*n - n + 10. Let o be 1 + (-4 - -1) - n. Suppose o*g - g = -12. What is the greatest common factor of g and 30?
6
Let m = 3 + 1. Let r be 1014/21 - m/14. Calculate the greatest common factor of r and 16.
16
Suppose j + 3*j - 268 = 0. Suppose -2*y = -25 - j. Suppose 3*b = -2*p + 199, 0 = -5*b + p - 3*p + 337. What is the highest common factor of b and y?
23
Let d(u) = -u**2 + 4*u + 4. Let c be d(0). Suppose 0 = -2*a + 3*a + c*r - 42, a = r + 27. Calculate the greatest common divisor of 6 and a.
6
Let q(b) = -2*b**2 + 58*b - 147. Let d be q(26). What is the highest common factor of d and 507?
3
Suppose -50*w + 13363 = -43*w. Calculate the greatest common factor of 83 and w.
83
Suppose 0 = -2*h + 7 - 1. Suppose 0 = -5*r - 1 + 26, -h*k + r = -67. Suppose 0 = c - 3*c + k. What is the greatest common divisor of 60 and c?
12
Let c = 549 - 465. Calculate the highest common factor of c and 24.
12
Let d(n) = -3*n**2 + 47*n**3 - 45*n**3 + 1 + 1 + 2*n. Let j be d(2). Calculate the greatest common factor of 6 and j.
2
Suppose -4*k + 26 = -2*h, -3*h = k - 6*k + 30. What is the highest common factor of 63 and k?
9
Let s = -238 - -244. Calculate the greatest common divisor of 42 and s.
6
Let s = 37 + -1. Let f(w) = 23*w + 510. Let x be f(-21). Calculate the highest common factor of s and x.
9
Let t be ((-1)/2)/((-9)/18). Let x = 3 - 6. Let g be x/4*(t + -197). Calculate the greatest common divisor of 21 and g.
21
Let b = -116 - -188. Suppose -7*w + 40 + b = 0. Calculate the highest common divisor of w and 176.
16
Suppose -543 - 219 = -5*l + 4*h, 5*h = 2*l - 315. Suppose 0*z + l = 3*z. What is the greatest common factor of z and 10?
10
Let j(n) = -4*n**3 + 2*n - 1. Let y be j(1). Let b be ((3 - 2) + -24)/(y/9). Calculate the greatest common factor of b and 23.
23
Suppose -k = -i + 10 + 6, -5*k = -3*i + 40. What is the greatest common factor of i and 220?
20
Let z(j) = 113*j - 337. Let d be z(9). What is the greatest common divisor of d and 255?
85
Suppose -4*k = 4*w + 8, -11 = -8*w + 3*w + 2*k. Let z be (((-24)/10)/w)/((-4)/10). Calculate the greatest common factor of z and 12.
6
Suppose -2*x + 3*n + 2040 = 0, -2036 = -2*x - 60*n + 65*n. Calculate the greatest common divisor of 11 and x.
11
Let m(x) = x**2 - 30*x + 1. Let d be m(59). What is the greatest common divisor of d and 16?
16
Let w be (304/(-12))/(8/(-102)). What is the greatest common divisor of 38 and w?
19
Let x = 39 + -88. Let f = x - -70. Suppose 2*z + 0*z = -3*m + 132, -2*z = m - 48. What is the greatest common factor of f and m?
21
Suppose 53*q = 56*q - 24. Let x = 31 - 19. What is the highest common divisor of x and q?
4
Suppose 5*g - 25 = 25. Let z(r) = -1 - r**2 - 6*r + 11 + 3 - 4*r. Let y be z(-11). Calculate the greatest common factor of y and g.
2
Let g(r) = -r**3 - 19*r**2 + r - 68. Let b be g(-20). What is the highest common factor of 12 and b?
12
Suppose 2*n - 5*t = 22, 101 = 5*n - 12*t + 11*t. What is the highest common factor of n and 371?
7
Suppose 15*j - 511 - 359 = 0. Calculate the highest common divisor of 261 and j.
29
Let i be 40 + -3*(-40)/(-24). Calculate the greatest common factor of 15 and i.
5
Let w be (24/18)/((-2)/(-39)). Let f be 108/w + 10/(-65). Suppose f*t - 3*t + 3*o = 51, 5*t - 307 = -2*o. What is the greatest common divisor of 9 and t?
9
Let t(k) = -k**3 + 16*k**2 - 29*k + 8. Let z be t(14). Let j be (15/z)/(10/(-300)). What is the greatest common factor of j and 25?
25
Suppose -3*h - d - 3 = 0, -3*d + 6*d = 2*h + 13. Let o(i) = -i**2 - 4*i. Let q be o(h). Calculate the highest common divisor of 32 and q.
4
Suppose -68 + 230 = -3*x + 3*h, -3*h = 5*x + 230. Let f = 53 + x. What is the highest common divisor of 8 and f?
4
Let j = -2207 + 2239. What is the highest common divisor of 68 and j?
4
Suppose -52*t = 5*t - 53010. Calculate the highest common factor of t and 90.
30
Suppose 13 = -2*f - 5*d + 11, 2*f - 30 = 3*d. Calculate the highest common divisor of f and 225.
9
Suppose -d - 8 = 5. Let r = -5 - d. What is the greatest common divisor of r and 64?
8
Let u be 9 - 7 - 18/2. Let x be (-44)/(-10)*(12 + u). Suppose -8 - x = -3*m. Calculate the highest common divisor of 50 and m.
10
Let j = -75 - -79. Let g = 22 - 15. Let n = 15 - g. Calculate the highest common factor of j and n.
4
Let g(y) = -y**2 + 7*y - 7. Let h be g(5). Suppose -24 + 39 = h*t. Calculate the highest common divisor of t and 5.
5
Let p(f) = -12*f - 621. Let l be p(-54). Calculate the greatest common factor of l and 1269.
27
Let r(m) = -m**2 + 25*m - 130. Let k be r(13). Calculate the greatest common factor of k and 325.
13
Let r be (0 - 0)*(-2)/4. Suppose 0 = m - 4*c + 7, 5*m - 3*m - 2*c + 8 = r. Let s be ((-1)/m)/(1/66). What is the greatest common divisor of s and 11?
11
Let f(d) = -3*d - 24*d**2 - 15*d**2 - 6 + 40*d**2. Let p be f(6). What is the highest common divisor of 156 and p?
12
Suppose i = -2*t + 30, 0 = 3*t - 2 + 8. What is the greatest common divisor of i and 306?
34
Let u be (-3 + -9)*(-285)/20. Calculate the greatest common factor of u and 57.
57
Let y(u) = 218*u - 4574. Let j be y(21). Let m = 72 + -40. Calculate the highest common divisor of j and m.
4
Let p = 15 + 2. Suppose p*q - 19*q = -2. Suppose -q = 3*f - 10. What is the highest common factor of 33 and f?
3
Let v be (-10 + 1)/((-21)/98). Suppose -5*u = 3*u - 48. Calculate the highest common factor of v and u.
6
Let p be 416 - 0*(12/(-4))/12. What is the highest common factor of 52 and p?
52
Let x be 6*-1*8/(-24). Let m be (x - 2)*(5 + -4). Let q(u) = -u + 1. Let a be q(m). What is the highest common factor of a and 8?
1
Let h(z) = -9 - 11 + z**2 + z + z**3 - 6. Let w be h(0). Let m = w - -43. What is the greatest common factor of 170 and m?
17
Suppose 18 + 182 = 5*c. Calculate the highest common factor of 15 and c.
5
Suppose 0 = -8*l - 239 - 625. Let x be (((-2)/4)/1)/(27/l). Let s(d) = -d**3 + 4*d**2 + 6*d. Let w be s(5). Calculate the greatest common divisor of w and x.
1
Let o be (-504)/90*(-15)/6. Calculate the greatest common divisor of 82 and o.
2
Suppose -2*j + 5*p + 128 = -114, 3*j - 372 = 3*p. Suppose 4*x - 2*x - 4*d = 48, -5*d = 15. Calculate the highest common divisor of j and x.
18
Let j(z) = -z**2 + 10*z - 11. Let f be (-6)/(-12)*2/3*24. Let r be j(f). Calculate the greatest common divisor of r and 5.
5
Let l = -1534 - -1618. Calculate the highest common factor of 54 and l.
6
Let m = -36 + 30. Let t = m + 26. Calculate the highest common divisor of 180 and t.
20
Let u(i) = i**3 + 11*i**2 + 11*i + 20. Let x be u(-10). Calculate the highest common factor of x and 320.
10
Let h(x) = x**3 - 4*x**2 - 2*x - 1. Let j be h(4). Let a = -6 - j. Let o be (378/(-105))/((-2)/15). Calculate the highest common divisor of a and o.
3
Let d(t) = -t**3 + 21*t**2 + 19*t + 11. Let x be d(21). Calculate the greatest common factor of x and 10.
10
Let a = 1 + 17. Suppose 22 = 2*k - 14. Calculate the highest common divisor of k and a.
18
Suppose -3*o = -2*h + 35, -3*h + 17 = 3*o - 58. Let d(m) = m + 6. Let a be d(27). Calculate the highest common divisor of h and a.
11
Suppose -2*k + 8*t - 3*t + 85 = 0, 3*t + 45 = k. Suppose 5*n + 2*p = 4*n, p + 27 = 4*n. What is the greatest common divisor of n and k?
6
Let n be -4 - (-3 + (-2 - 1)). Let k be (3/n)/((-12)/(-64)). What is the highest common divisor of 104 and k?
8
Let y = 187 - 175. Suppose 5*h - 148 = 2. What is the highest common divisor of y and h?
6
Let t = 146 - 141. Let u(c) = c**2 + 4*c + 5. Let m be u(-4). What is the highest common divisor of m and t?
5
Suppose -4*r - 20 = 0, -2*r = -2*m + 23 + 23. Suppose 0 = 2*n - m - 24. Let q be (-12)/(-2)*(-5)/(-10). What is the highest common factor of n and q?
3
Let q = 49 - -26. Let p(c) = 3*c. Let w be p(-1). Let g be (w/(-1))/((-3)/(-15)). What is the highest common divisor of g and q?
15
Suppose -33*p = 3*m - 36*p - 252, -p = 15*m - 1196. Let x be 142/7 - 2/7. Calculate the greatest common divisor of x an